. Is y(4) composite?
True
Suppose 19*v - 10 = 14*v. Suppose 5*a + 8*m - 5*m = 57733, v*m - 23090 = -2*a. Suppose 5*r = -s + a - 7, 0 = 4*r + s - 9233. Is r prime?
True
Let g(x) = 133 - 127 + x - 3*x + x**3. Let z be g(0). Suppose z*o = 10*o - 2068. Is o a composite number?
True
Let q = -39 + 53. Suppose 50397 + 47561 = q*c. Is c prime?
True
Let j be (-5162)/(-435) - 2/(-15). Suppose 0 = 4*b - j, 6*b - 128800 = -4*s + 2*b. Is s prime?
False
Let r(a) = -6*a - 4. Let s be r(-3). Let q(h) = h**3 - 14*h**2 + 20*h - 8. Let g be q(s). Let d = g - -361. Is d a composite number?
True
Suppose a - 4*p = -2 + 7, -4*p - 9 = -5*a. Suppose 3*k = -1 + a. Suppose k = 9*h - 5212 - 2789. Is h a prime number?
False
Let a be ((-3289)/3)/(1/(-3)). Suppose 2*g - 20 = 2*y, -4*g - 5*y + 44 = -7*y. Suppose -w = -g*w + a. Is w a prime number?
False
Let o(x) = 20*x**3 + x**2 - x - 2. Let c be o(-1). Let t(u) = -58*u - 43. Is t(c) a prime number?
True
Suppose 5*g + 5*p - 157 = -27, 3 = -3*p. Is ((-3)/(g/(-6)))/(48/951624) a composite number?
False
Is -2*(-1 + (-81)/(-18))*-9391 prime?
False
Suppose g + 2*d - 2893 = 0, 8*g + d + 2905 = 9*g. Suppose -9*t - g + 27894 = 0. Is t prime?
True
Suppose -1 = -22*i + 23*i. Let z be i + 5/3 + 1280/24. Suppose -528 = -3*b - z. Is b a prime number?
False
Let g = 56 + -20. Let h = g - 40. Is ((-2)/h)/((-1)/(-218)) a composite number?
False
Let l(c) = -3*c**3 - c**2 + 2. Let x be l(-1). Is (-11 + 9)/(x/(-67226)) a composite number?
False
Suppose 4*k + 3*r - 3491383 = 0, 3*r + 2623377 = 4*k - 868048. Is k prime?
False
Let g = -2171 + 2458. Suppose 0 = 2*x - x - 420. Suppose k - x = g. Is k composite?
True
Let w(r) = 650*r**2 + 8. Let k be w(-3). Suppose -k = -7*g + 7953. Is g composite?
False
Suppose 2*j - 3836 = -12*j. Is (j*13)/((-5)/(5/(-2))) a prime number?
False
Suppose v - 1507178 = -3*m, -m + 33*v = 37*v - 502389. Is m composite?
False
Suppose -136017 = -0*u - 63*u. Is u a prime number?
False
Suppose 0 = n + 2*n - 15. Suppose 0 = -3*j + n*z - 5, 2 = 4*z - 2. Suppose -21*p + 16*p + 635 = j. Is p prime?
True
Let x(u) = -65 + 955*u - 71 - 16. Is x(21) a prime number?
False
Let l = 124547 - -75296. Is l composite?
True
Let x(b) = 7*b**2 + 6*b. Let t be x(-8). Suppose -2*u = 2*w + 171 + 35, 0 = 4*w + u + t. Is (-58131)/w + 2/(-11) composite?
False
Let s(k) = -k**3 - 23*k**2 - 25*k - 82. Let y be s(-22). Let x = y - -2189. Is x a composite number?
True
Let y(k) = 5*k - 49. Let c be y(10). Is (-2 - -3)*16855/5*c composite?
False
Let g = 31742 + -19775. Is g a prime number?
False
Suppose 2*i - 85246 = -3*q, -288*i = -292*i - 7*q + 170488. Is i composite?
True
Suppose -6*i - 24 + 66 = 0. Suppose i*r - 1078 = 3339. Is r composite?
False
Suppose 34*r + 77*r = -46*r + 9101761. Is r a composite number?
False
Let a(l) = -18*l**3 + 43*l**2 - 63*l + 243. Is a(-26) a composite number?
False
Suppose -2*c + 10*c = -4*m + 2996, 0 = m + 3*c - 748. Is m composite?
False
Suppose 2*l - 5*d - 381869 = 268633, -6*l + 2*d = -1951610. Is l prime?
True
Let t = -286 - -288. Suppose 3*y - t*i = 7005, -17*y - 2*i = -12*y - 11659. Is y composite?
False
Suppose 0 = -65*h + 31*h + 2076482. Is h composite?
True
Let s(t) = -t**3 - 11*t**2 - 8*t - 82. Let o be s(-11). Suppose 7*q + 1 = o*q, 0 = 3*n + 3*q - 1902. Is n a composite number?
True
Let z = 166825 + -48216. Is z a prime number?
False
Is (3/(-6))/((-1)/(-8)) - (-3238 - 13) composite?
True
Let b = 55 + -55. Suppose 4*d = 4*h + 4, b = -5*d - 4*h + 6 + 8. Suppose -n + 605 = d*f - 326, 0 = -n + 5*f + 903. Is n a composite number?
True
Suppose 0 = -13*c + 16*c - 2*m + 1230, -5*c - 3*m = 2069. Suppose 194 + 79 = -g. Let q = g - c. Is q prime?
True
Let q(d) = -57*d**3 - 8*d**2 + d + 1. Let w be q(-6). Let s = w + -5640. Is s prime?
True
Let f be ((-6)/2 - -2)*-23071. Suppose -f = -19*q - 1734. Is q composite?
False
Let q(g) = -2*g**3 - 21*g + 11. Suppose 26 + 10 = -2*k - 2*b, 4*k - 5*b = -36. Is q(k) composite?
True
Suppose 0 = -44*a + 53 + 123. Suppose a*z - 25184 + 2716 = 0. Is z a composite number?
True
Let b be 40581/54*(1 + 1)/(-1). Let o = b - -2157. Suppose 2971 - o = 7*r. Is r a prime number?
True
Let z = 37 - 35. Let y be 0/(-10)*1/z. Suppose y = 2*r + 8, -1287 - 140 = -3*w + 5*r. Is w a composite number?
True
Is -11 + 8629 + 153/(-17) composite?
False
Suppose 5134*y - 5143*y + 5014557 = 0. Is y a prime number?
False
Let g(u) = -288*u**2 - 9*u + 4. Let f be g(-2). Let k = 1597 + f. Is k composite?
False
Suppose -2442032 - 11795536 = -164*b + 84676900. Is b prime?
False
Suppose -48*i + 75*i - 2358963 = 0. Is i prime?
False
Suppose 0 = -q + 63*f - 66*f + 17128, -68554 = -4*q + 2*f. Is q composite?
False
Let p(n) = n**3 - 8*n**2 - 16*n + 166. Let u be p(-31). Let k = 66466 + u. Is k prime?
False
Let g = -9 + 10. Is 15760/25 - -6*g/10 composite?
False
Is ((-340)/255)/(8/(-89814)) a composite number?
False
Let m be ((-6)/8)/((-3)/(-4716)). Let z = 1759 + m. Let h = 1694 - z. Is h prime?
False
Let l(y) = -2*y**2 - 27*y - 7. Let c be l(-24). Let o = 850 - c. Is o composite?
False
Let x(i) = 2472*i**2 + 90*i - 553. Is x(-51) a composite number?
False
Is (2 - 0) + 39435133/887 a prime number?
False
Let c(s) = s**2 + 2*s - 31. Let a be c(5). Suppose a*y = 5630 + 18486. Is y a prime number?
True
Let q = 38307 - -8554. Is q prime?
True
Let d(i) = 33*i**2 + 2*i + 1. Let l be d(-8). Suppose -5*k = -3*m + 7378 - l, -m = -4*k - 1751. Suppose 4*w - 461 = m. Is w a composite number?
False
Suppose -3*l - 3*p + 12 = 51, -70 = 4*l - 5*p. Let a be 2/(-3) - 19765/l. Suppose 2*b = a + 61. Is b a prime number?
False
Suppose -2*s + 1 = -3*s - k, s + 17 = -5*k. Suppose s - 3 = -6*n. Suppose -4*z + 2228 = -n*z. Is z a composite number?
False
Suppose 2*l - 4*t = -82, 5*t + 6 = -4. Let v be -2*(14342/(-12) + (-30)/l). Is (1 + v/2)*14/21 a prime number?
True
Is (-5 + 571418)*(2/(-9) + 176/144) prime?
False
Suppose 531*r = 10615305 + 122476128. Is r a composite number?
False
Let z = 4222 + -2711. Is z prime?
True
Let k(t) = 12*t - 7. Suppose -14*d = -6*d - 104. Suppose 17*w = d*w + 28. Is k(w) a composite number?
True
Let w be 156/16 - (-1)/4. Suppose 4*d = 2*h + h - 34, 0 = h - d - w. Suppose h*x - 467 = 763. Is x a prime number?
False
Let o be 3*(2 + (-2)/(-3)). Suppose -o*r + 2592 = -2*r. Suppose -r = -3*b + b - 3*u, -2*u = b - 215. Is b composite?
True
Let b(c) = 95*c**2 - 372*c - 474. Is b(71) composite?
False
Let c(u) = -4848*u - 1631. Is c(-38) composite?
False
Let k(o) = 24206*o**3 - 8*o**2 + 29*o. Is k(3) a prime number?
False
Let d be 5 + 35/(-14)*-1476. Let x = 6622 - d. Is x a composite number?
False
Let x(g) = 41*g + 12. Suppose 10 = 3*u + 5*t, u + 22 = 2*u - 3*t. Let m(f) = f**2 - 8*f - 11. Let z be m(u). Is x(z) prime?
False
Suppose -12*f = -14*f + 972. Suppose 3*o = -4*t + 643, 3*t + 3*o = 2*o + f. Is t prime?
True
Suppose -169*t = -174*t + 651920. Is (-35)/(-25) + t/40 a prime number?
False
Suppose 3*p + 652 = 5*o, 713 - 189 = 4*o - 3*p. Suppose 7*v = -9*v + o. Suppose 0 = v*a - 11*a + 5847. Is a prime?
True
Suppose 38*u + 34*u = 25*u + 11525951. Is u prime?
False
Suppose 3*l - 12 = 3*c, -l + 3*c + 0 + 4 = 0. Let z(k) = k**2 + 22*k + 411. Let q be z(-25). Suppose -3*d + 750 = t, -l*d - q = t - 1487. Is d prime?
True
Suppose 7275 = 2*w + 2*j - 120593, w - 63943 = 2*j. Is w a prime number?
False
Let x(g) = 6376*g**2 + 17*g + 17. Let d be x(7). Suppose -60*m = -76*m + d. Is m a prime number?
False
Suppose -s = -r + 2*r - 517, s = 5*r - 2573. Suppose -1547 = -3*i + w - 3*w, -w + r = i. Is i a composite number?
True
Let f(z) = 303*z**2 - 4*z - 10. Let g be f(8). Let o be -1 - (g/(-5) - -1). Let c = o + -1655. Is c composite?
False
Suppose -4*h - 1 + 9 = 0. Suppose 47 = k + 4*k + h*r, 0 = 4*k - r - 35. Suppose -7*o + k*o - 778 = 0. Is o prime?
True
Let c = 148 - 148. Suppose -5*n + 3*u + 50681 = c, -5*u + 4380 = 2*n - 15880. Is n prime?
False
Let x = -32 + 34. Suppose -4*s + h = 178, 0 = x*s - 5*h + 57 + 23. Is (-5)/(-2)*386*(-18)/s a composite number?
True
Suppose 0 = -j - 114 + 112. Is 0 - (-34)/(-51)*4863/j prime?
True
Suppose 17*u = -85*u + 33*u + 2887305. Is u composite?
True
Suppose -3*i = 5*r - 199790, 5*r - 136235 = -5*i + 63545. Is r prime?
False
Suppose 12415 = -9*c - 87485. Let o = c + 16978. Is o prime?
False
Sup